 = -i. Suppose d*k - 140 = -7*k. Calculate the greatest common factor of k and 100.
20
Let g = 5604 - 5119. Calculate the highest common divisor of 873 and g.
97
Suppose 0 = -2*l - 4*a + 2780, -2*l + 3*a = -2509 - 320. Calculate the greatest common factor of 2184 and l.
156
Suppose -2*o - 3*o + 1802 = -s, 4*s - 1095 = -3*o. Let u = o + 467. What is the highest common divisor of u and 46?
46
Suppose -728 = n - 27*n. Let l be (-4)/(n/(-2093)) + 6. Let x(g) = 6*g**2 - 5*g - 3. Let b be x(5). Calculate the greatest common factor of l and b.
61
Let u = -114 - -98. Let o be u/(-72) - (-2336)/18. What is the greatest common divisor of 10 and o?
10
Suppose -7843 = -6*i - 7843. Suppose -2*m + c = 4*c - 24, 20 = 2*m + 2*c. Suppose -m*s + 582 + 606 = i. What is the highest common factor of s and 22?
22
Suppose -3*z + 5*m + 15 = 0, z + 2*z = -3*m + 15. Suppose -3*y = -5*g - 523, 0*y - 865 = -z*y + 5*g. What is the greatest common factor of 152 and y?
19
Let p be ((-33)/(-4))/(30/80). Suppose 18*y = p*y - 8. Suppose r - 2 = -2*f, -y*r - 2*r - 2 = -2*f. What is the highest common divisor of 3 and f?
1
Suppose -8*z = 3*t - 9405, 928*z - 927*z - 1174 = -2*t. Calculate the highest common factor of 4536 and z.
168
Suppose 0 = -3*v + 3*f + 84, 3*v - f - 81 = 7. Suppose 6*h - 2*h = 84. Let l be h - 1*1/1. What is the highest common factor of v and l?
10
Let k = 6 - 2. Suppose 8*j - 7*j - 51 = 3*i, -4*j + 85 = 5*i. Calculate the highest common divisor of j and k.
2
Let t = 1132 - 678. Let w be 2/(4/t) + -2. Let o = -4858 - -4883. Calculate the greatest common factor of o and w.
25
Suppose -3*k = -1 + 7. Let j(t) = -4*t - 9. Let g(i) = -4*i - 10. Let s(n) = k*j(n) + 3*g(n). Let y be s(-5). What is the greatest common divisor of y and 32?
8
Suppose -4*y + a + 95 = 267, -3*y - 114 = 3*a. Let j = -22 - 41. Let b = y - j. Calculate the greatest common divisor of b and 42.
21
Suppose -45 = 10*n - 35. Let a(p) = -21*p + 1. Let q be a(n). Suppose -f = -2 - 0. Calculate the greatest common factor of q and f.
2
Let q(w) = -w**3 + 4*w + 2. Let j be q(-2). Suppose j*c - 64 = 192. Let l = -56 + c. Calculate the greatest common factor of 108 and l.
36
Let z = -159 - -227. Suppose 3*p + 2*v + z = -38, 12 = -p + 4*v. Let g be (-9)/(-3) + -7 - p. What is the highest common factor of 252 and g?
28
Let n(x) = -11*x**3 + 89*x**2 + 2*x + 19. Let a be n(7). Calculate the highest common factor of a and 27.
27
Let s(m) = 169*m**2 - 232*m - 4. Let j be s(-2). What is the highest common factor of j and 710?
142
Suppose -25 = -z + u, 2*u = 35*z - 39*z + 82. What is the greatest common factor of 891 and z?
11
Let x be 12*(-33362)/(-672) - 9/12. What is the greatest common factor of 1365 and x?
35
Let v be (-189)/(-14)*(-3 - ((-68)/12 - 2)). Calculate the greatest common factor of 343 and v.
7
Let o(r) = -r. Let d be o(-4). Let h = -1523 + 1513. Let i = d - h. What is the highest common divisor of i and 154?
14
Let g be ((-15)/(-30))/(-4 + -2 + 1085/180). What is the greatest common divisor of g and 3222?
18
Let z(t) = t**3 + 6*t**2 + 5*t + 2. Let p be z(-4). Suppose -16 = 4*j, -5*o - 11*j + p*j + 1627 = 0. Calculate the highest common factor of 51 and o.
17
Let b be 2/3*(-6)/(-2). Let r be (-26 - -3)/(b - 3). Suppose -21*g - 90 = -r*g. Calculate the greatest common factor of g and 18.
9
Let g be (0 + -1)*1 + 33 + -2. Let y = 1147 - 1941. Let f = -554 - y. Calculate the greatest common divisor of g and f.
30
Let j be 126/(-28)*(-48)/9. Let l be 133 + (-5 - -1) - -3. Calculate the highest common divisor of l and j.
12
Let c = -25737 - -27445. Calculate the highest common factor of 28 and c.
28
Suppose 0 = 5*w - 4*x - 94437, -38*w + 36*w - x + 37780 = 0. What is the highest common divisor of w and 13?
13
Let k = 29956 + -29872. What is the highest common divisor of k and 5052?
12
Let b(w) be the first derivative of -w**4/4 + 5*w**3/3 + 11*w**2/2 - w + 55. Let r be b(-4). Calculate the greatest common divisor of r and 9.
9
Suppose -3*b = -6*b - f + 389, 5*f = -2*b + 255. Let v be (-425)/3*-1 + 98/294. Let i = v - 132. Calculate the greatest common divisor of i and b.
10
Let k be ((-4920)/80)/(3/(-20)). What is the highest common divisor of 50 and k?
10
Let b be 11 + (-2 - (-30)/5). Let m(i) = 17*i + 424. Let p be m(-17). Calculate the highest common factor of p and b.
15
Let y = 104 - 134. Let z be (168/y - -2)*(-5 + 0). What is the greatest common factor of z and 36?
18
Suppose 27*y + 225 = 1926. Calculate the highest common factor of y and 56.
7
Let k be -5*-6*(-4)/(-40). Let z be (1 - -114)*(k + 72/(-30)). What is the greatest common factor of 3 and z?
3
Let j = -115 + 260. Suppose -24 = 9*w - 15*w. Suppose -3*k = -w*h - 154, -2*h = -4*k - 6*h + 252. Calculate the greatest common factor of j and k.
29
Suppose -20*l + 108662 = -11157 - 362801. What is the greatest common divisor of 1227 and l?
409
Let h = -55 - -253. Let i(a) = -2*a + 28. Let y be i(12). Let k be (-142)/(-8) + 1/y. Calculate the highest common factor of k and h.
18
Let w be ((-30)/(-8))/((-6)/(-120)). Let n(s) = -s**2 + 10*s + 11. Let c be n(11). Suppose 26*h - 8*h - 270 = c. What is the greatest common factor of h and w?
15
Suppose 55*c - 780 = 49*c. Suppose -136*v = -c*v - 2052. Calculate the greatest common factor of 38 and v.
38
Let v = 163 - 156. Suppose -4*x - v = -4*a + 13, 0 = 2*a + 2*x - 22. Calculate the highest common factor of 88 and a.
8
Let v = -201 - -280. What is the greatest common divisor of v and 158?
79
Let h = 419 + -315. Suppose -164 = -b + 7*g - 8*g, 0 = -3*b + g + 512. Calculate the greatest common divisor of b and h.
13
Let z = 313 - 248. Calculate the highest common divisor of z and 9555.
65
Let l = 10779 - 10764. Let b = 60 - -135. What is the greatest common divisor of l and b?
15
Let p = 284 + -359. Let y = 80 - p. What is the highest common factor of y and 15?
5
Let s = 16689 + -15519. What is the highest common factor of s and 10?
10
Let p = 466 - 421. Let b(q) = -q**2 + 20*q + 26. Let o be b(16). Calculate the greatest common factor of o and p.
45
Let g(r) = -3*r - 33. Let v be g(-15). Let t(j) = -j**2 + 12*j + 210. Let w be t(-9). Calculate the greatest common divisor of w and v.
3
Let h be (-1)/((-7)/9049) + (-2315)/3241. What is the highest common factor of 608 and h?
76
Suppose -65*b - 33484 + 6634 = -244*b. Calculate the highest common factor of b and 575.
25
Let d be -1*1 - -41 - 0. Suppose 0 = 3*c + 3*y - 99, 11327*y - 45 = -2*c + 11322*y. Calculate the highest common factor of d and c.
40
Let x(w) = 6*w + 64. Let n be x(-5). What is the highest common factor of n and 306?
34
Let z = 1029 - -11. What is the highest common divisor of z and 455?
65
Let i be (-2)/3 + 4/6. Suppose -5*x + 509 + 261 = i. Let h = -13718 - -13740. What is the highest common divisor of x and h?
22
Let a be (17/17)/(10/230). Calculate the highest common divisor of a and 24472.
23
Suppose -3*w - 4 = -5*w. Suppose -2*c + 93 = -l, -5*l + w*l = 4*c - 191. What is the greatest common divisor of 94 and c?
47
Suppose 35*o - 22784 = -143*o. Calculate the highest common divisor of o and 1280.
128
Let i be 54/36 + 2/4 - 4. Let v be 2*(-834)/(-42) + i/(-7). What is the highest common divisor of v and 8?
8
Let z = -11532 + 11541. Calculate the highest common factor of 252 and z.
9
Suppose -72 = d + i, -4*i - i - 284 = 4*d. Let v = -54 - d. Suppose 3*w - 6*j + 3*j = 18, 2*w = -5*j + 47. Calculate the greatest common divisor of w and v.
11
Let g = 1738 + -954. Suppose -8*o = 41*o - g. What is the highest common factor of 200 and o?
8
Let c(i) = -i**3 + 11*i**2 - 5*i + 25. Let v be c(8). Suppose -179*p + v*p = -416. Calculate the highest common factor of 13 and p.
13
Suppose a = -3*a + 2*s + 96, -2*a = -2*s - 52. Suppose -1519*j - 1836 = -1531*j. Let x = -54 + j. What is the highest common factor of a and x?
11
Suppose 0 = 3*s + 2*s - 3*z - 10174, -4080 = -2*s - 4*z. Calculate the greatest common factor of 20 and s.
4
Let k be 88/10*10 - 1*5/(-1). Calculate the highest common divisor of k and 1643.
31
Suppose 5*o - 8*o = -72. Let d = -76 + 73. Let h be (0 - d - -2) + -2. What is the highest common divisor of h and o?
3
Let c be (-90)/(-3) + (-63 - -68). Let z(a) = a**3 + 49. Let r be z(0). What is the highest common factor o